(27).
-11
Let i(h) = 1091*h - 3284*h + 133 + 1098*h + 1098*h - 43. Determine i(-31).
-3
Let y(n) = n**2 + n - 1. Suppose j + 2*d + 526 - 529 = 0, 5*j + 5*d = 5. Calculate y(j).
-1
Let v(z) = -z**3 + 12*z**2 + 11*z + 12. Let a = -5278 + 5291. Determine v(a).
-14
Let g(u) = -20 + 2*u**2 - 14 - 14*u - 9 - u**2 + 50. Calculate g(15).
22
Let w = 11 - 8. Let j(c) = 0*c - 1 - w*c + 4. Suppose 7*o = 1525 - 1504. Calculate j(o).
-6
Let r(w) = w**2 - 8*w - 1. Let g(d) = d**2 - 18*d - 58. Let i be g(-3). Suppose 0 = -3*o + 4*m + 16, i*o + 2*m - 19 = 25. Give r(o).
-1
Let z(v) = -v + 2. Let l(g) = -5*g - 1. Let s(a) = 2*l(a) - 9*z(a). Calculate s(14).
-34
Let q(p) = -5*p**2 - 4*p + 6. Let v(j) = -j**2 - 337 + 171 + 168. Let a(f) = q(f) - 4*v(f). What is a(-2)?
2
Let d = -48 - -93. Let w = -43 + d. Let k(c) = 2*c - w*c**2 - 2 + c**2 + 3 + 1. What is k(2)?
2
Let x(k) = -3*k - 5. Let l = -100 + 101. Let o(m) = -1 - l - 1 - m. Let a(y) = -5*o(y) + 2*x(y). Give a(3).
2
Suppose -133*d - 6*a = -130*d + 27, -4*d - 21 = 3*a. Let x(p) = -4*p**3 - 3*p**2 - 3*p - 3. What is x(d)?
87
Let u(q) = -q**2 + 3*q. Let b(d) = -2*d - 1933*d**2 - 14*d - 6 + 1936*d**2. Let z(g) = -b(g) - 4*u(g). Determine z(-5).
11
Let z(g) = -g**2 - 12*g - 5. Suppose 7*x + 14 = 35. Suppose x*q + 33 + 3 = 0. Determine z(q).
-5
Let h = 15488 - 15498. Let y(i) = -4*i - 42. Give y(h).
-2
Let c be 5/(-2)*126/(-15). Let p be (c + 0)*(-4)/(-14). Let b(h) = 3 - 3 - h + 0. What is b(p)?
-6
Let x = -101 + 215. Let f = x + -105. Let g(n) = -n**2 + 10*n + 3. Determine g(f).
12
Let v(c) = c**3 + 5*c**2 + 2*c - 8. Let p be 0 + 1 - -16*13/(-52). Give v(p).
4
Let y(s) = 3*s - 20. Let a(z) be the first derivative of -z**2 + 10*z - 19. Let v(w) = 7*a(w) + 4*y(w). Suppose 15*t - 18*t - 27 = 0. Determine v(t).
8
Let f(q) = -941*q**2 - 2*q + 478*q**2 + 473*q**2 + q + q**3 + 5. Calculate f(-5).
135
Let w(o) = -o**3 + 3*o**2 + 6*o - 5. Let a be 15/4 - (-17)/68. Give w(a).
3
Let b(q) = -7*q**3 - 3*q**2 + 4*q - 5. Suppose -4*v + 4 = -2 - 2. Calculate b(v).
-65
Let m = 2597 + -2595. Let h(z) = 6*z - 7. Let u(l) = 5*l - 6. Let x(f) = -4*h(f) + 5*u(f). Calculate x(m).
0
Let o(i) be the second derivative of 0 - 2*i - 1/6*i**3 - i**2 - 1/30*i**5 + 7/24*i**4. Let y(d) be the first derivative of o(d). Give y(5).
-16
Let z(f) = -2 - 4 + 3 + 8 - 4. Let u(y) = -y**3 - 3*y**2 - y + 1. Let d(q) = -u(q) + 4*z(q). Calculate d(-3).
0
Let j(k) = 19*k + 215 - 9*k - 422 - k**2 + 216. Give j(11).
-2
Let h(z) = -14*z - 102. Let u(y) = 6*y + 40. Let w(t) = 4*h(t) + 10*u(t). Give w(-2).
-16
Let a be (-3 + 0 - -2)/((-3)/(-12)). Let p(r) = 6*r + 9 - 41*r + 33*r - 4 - r**2. Calculate p(a).
-3
Let j(k) = 6 - 3*k**2 + 5*k**2 - k**2 + 4*k. Suppose -17 = 5*s + 5*u + 23, 4*u + 36 = -5*s. What is j(s)?
6
Let x(o) = 2*o - 91. Let y(j) = -j**3 - j**2 + 512*j + 10. Let g be y(0). What is x(g)?
-71
Let k = 126 - 121. Suppose -k*m - 2*v = -456, -4*v = m - 30 - 54. Let u = -98 + m. Let t(p) = -p**3 - 5*p**2 + 9*p + 1. Calculate t(u).
-17
Let i(t) be the first derivative of -t**3/3 - 10*t - 468. Suppose 5*p - 4*b - 28 = p, 0 = 2*p + 4*b + 10. Let u = p + -3. Calculate i(u).
-10
Let g(y) = 14*y**3 + 21*y**2 + 13*y + 20. Let t(q) = 5*q**3 + 7*q**2 + 4*q + 7. Let s = 115 + -79. Let a = -25 + s. Let b(f) = a*t(f) - 4*g(f). What is b(-5)?
-13
Let t(z) = -120*z - 2639. Let m be t(-22). Let x(y) = 8*y + 6. What is x(m)?
14
Let d(x) be the first derivative of -x**3/3 - 11*x**2/2 - 10*x - 1. Suppose 0 = -731*s + 756*s + 225. What is d(s)?
8
Let r(n) be the second derivative of n**3/6 + 4*n**2 - n + 483. Give r(-3).
5
Let a(g) = 9 - 2*g**2 - 9*g - 35 + 8 + g + 14. Let n = -354 - -348. Calculate a(n).
-28
Let l(o) = 17. Let j(v) = 1 + 9*v + 2*v - 12*v. Let a(u) = 3*j(u) - l(u). Give a(-11).
19
Suppose -50*n - 20 = -60*n. Suppose p = -3*q + 3*p - 7, n*p + 13 = -q. Let x(y) be the first derivative of -y**3/3 - 5*y**2/2 + 4*y + 15. What is x(q)?
4
Let m(r) be the first derivative of 5*r**3/3 - 5*r**2/2 + r + 175. What is m(3)?
31
Let b(t) = t**2 + 17*t + 20. Suppose -j = a + 11, 2*j = 1087*a - 1085*a + 42. Determine b(a).
4
Let a(u) = -u**3 + 5*u**2 - 5*u + 2. Suppose 0*z + 2*z = 3*c - 123, 0 = 4*c - 4. Let v = -57 - z. What is a(v)?
5
Suppose 0 = 2*c - r - 11, c + 8*r - 6*r - 3 = 0. Suppose -c*t = -6*t - 7. Let j(x) = 2*x + 2*x - 5*x - 9. Give j(t).
-2
Let g = 0 + 3. Let d(j) = 7*j - j**g - 3 - 2*j + 2 - 6 + 4*j**2. Let u be 15*15/(-30)*6/(-9). Determine d(u).
-7
Let o be 245/27 - (-6)/(-81). Let f(r) = -15*r + r**2 - o*r - 13 + 15*r. Determine f(9).
-13
Let s be 504/(-180)*-1*10. Suppose 0 = 3*v - q - 81 + 58, 0 = 3*v - 2*q - s. Let m(x) = -x**3 + 7*x**2 - 8*x + 9. What is m(v)?
-3
Let b(m) = -10*m + 3. Let h(s) = 225*s - 4*s**2 + 230*s - 1 - 470*s. Let k be h(-4). Let d = 8 + k. Calculate b(d).
-27
Let p(x) be the first derivative of x**4/4 - 4*x**3 - 11*x**2/2 - 14*x - 255. Calculate p(13).
12
Let i(s) = -17*s + 4. Let g(m) = 32*m - 7. Let a(j) = -j**2 - 8*j + 1. Let n be a(-8). Let o be n*(-1 + 3)*44/8. Let u(r) = o*i(r) + 6*g(r). What is u(-3)?
-13
Let x(c) = 5*c**2 - 14*c - 101. Let t(p) = -3*p**2 + 9*p + 67. Let m(k) = 8*t(k) + 5*x(k). Let i(f) be the first derivative of m(f). Calculate i(-4).
-6
Let o(q) = -404 - 408 - 5*q**2 + 811 + q + q**2. Give o(4).
-61
Let m(n) = -23*n**2 - 64*n - 32. Let o(q) = -8*q**2 - 23*q - 11. Let g(k) = 3*m(k) - 8*o(k). Calculate g(-1).
-5
Let o(s) = 12*s - 1 + 3 - 10*s. Let g(t) be the third derivative of -t**5/60 + 11*t**4/24 + t**3/2 - 15*t**2. Let b be g(11). Determine o(b).
8
Let u(i) = -i**3 - 2*i**2 + 3*i + 1. Let f be 143/5 - 1 - (-72)/(-120). Let m be 9/(-6) - f/18. What is u(m)?
1
Let u = -332 + 325. Let f(k) = -k**2 - 9*k - 18. Let o be f(u). Let r(p) = p**2 - p - 3. Calculate r(o).
17
Let i(c) = -c**3 + 2*c**2 + 4*c - 5. Let a be i(4). Let p be (-14)/a + (2/(-6))/(-1). Let z(f) = 10*f**2 - f. What is z(p)?
9
Let s = -1 + -1. Suppose 0*r + 2 = 2*r. Let z(u) = -2*u. Let o(t) = t - 2. Let f(g) = r*o(g) + 2*z(g). Calculate f(s).
4
Let l(y) = 2*y**3 - 58*y**2 + 57*y - 48. Let o be l(28). Let r(c) = -3*c**2 - 61*c - 30. What is r(o)?
-10
Let b(p) = -p**3 + 13*p**2 - 11*p + 1. Let q be (-8)/(-52) - 210/182. Let y be 66/(-11) + q + 19. Give b(y).
13
Suppose 43*a + 1533 = 50*a. Let s = a + -225. Let n(d) = d**2 - 4*d**2 - 8*d + 4*d**2 + 4 + 15*d. Determine n(s).
-2
Let l(j) be the first derivative of 7/2*j**2 + 1/3*j**3 - 3 - 11*j. Let i be 2*(-9)/12*6. Determine l(i).
7
Let z(q) be the second derivative of -q**5/20 + q**4/2 + 3*q**3 - 53*q**2/2 - 7911*q. Determine z(7).
24
Let h(o) = o**3 - 8*o**2 - 2*o. Let f = 44 - 86. Suppose 2*x - 145 = 5*d - 3*x, 0 = -4*d - 4*x - 156. Let m = d - f. Calculate h(m).
-16
Suppose 5*r - 3*o - 1133 = -0*o, -4*o = 5*r - 1126. Let j(h) = -3 - r*h - 224*h + 455*h. Determine j(2).
7
Suppose -148*l = -50*l - 2156. Let c(q) be the first derivative of 5/2*q**2 + l + 0*q. Determine c(1).
5
Let k(t) = 502 + 51*t + 73*t + 75*t + 55*t - 287*t. Give k(15).
7
Let n(c) be the first derivative of -5*c**2/2 - 2*c - 14. Let j be n(-2). Let p = 0 + j. Let r(a) = a**3 - 8*a**2 + a - 11. Give r(p).
-3
Let f(u) = -u**2 - 7*u. Let i be -3 + 112/12 - 24/18. Suppose -i*r - 5*b + b - 8 = 0, -4*r = -5*b + 31. Determine f(r).
12
Let g(h) = 36*h + 151. Let z(d) = -469*d + 2341. Let u be z(5). Determine g(u).
7
Let l(j) = j**2 - 57*j + 2. Let k(m) = -3*m**2 + 482*m - 58. Let p(n) = k(n) + 6*l(n). Give p(-47).
1
Let w(q) = -q**2 + 33*q - 55. Suppose -3*u - 2*u - i = -151, 0 = -3*u - i + 89. What is w(u)?
7
Let t(f) = f + 64. Let r be t(-20). Suppose -2*p = 2*o + 2*p + 94, 0 = -3*o - 4*p - 137. Let v = o + r. Let q(y) = 8*y + 1. Give q(v).
9
Let i(u) be the second derivative of u**4/12 - 3*u**3 + 55*u**2/2 + 52*u - 10. Calculate i(16).
23
Let x = -592 - -595. Let b = -7 + 12. Let o(l) = -1 - l + b*l + l**3 - 4*l**2 - 3*l. What is o(x)?
-7
Let m(x) = x**3 - 18*x**2 + 2*x - 24. Suppose -44*y + 5*i - 59 = -47*y, 5*i + 31 = 2*y. Calculate m(y).
12
Let n(t) be the second derivative of -14*t**3/3 - 15*t**2 - 5008*t. Give n(0).
-30
Let l(q) = -13*q + 12. Let h = 221 - 217. Let w(s) = 23*s - 23. Let p(y) = h*w(y) + 7*l(y). Suppose 0*g - g = -10. Give p(g).
2
Suppose -1382 + 6982 = -20*m. Let c = -278 - m. Let y(z) = -z**3 - 2*z